{"id":679,"date":"2025-02-06T18:37:21","date_gmt":"2025-02-06T23:37:21","guid":{"rendered":"https:\/\/canbrapesca.com\/?post_type=product&#038;p=679"},"modified":"2025-02-26T22:03:32","modified_gmt":"2025-02-27T03:03:32","slug":"canbra-fireblack","status":"publish","type":"product","link":"https:\/\/canbrapesca.com\/?product=canbra-fireblack","title":{"rendered":"Ca\u00f1a de pescar FireBlack"},"content":{"rendered":"<div class=\"row row-collapse row-full-width align-equal\"  id=\"row-1580326326\">\n\n\t<div id=\"col-1263585350\" class=\"col medium-4 small-12 large-4\"  >\n\t\t\t\t<div class=\"col-inner dark\"  >\n\t\t\t\n\t\t\t\n\t<div class=\"box has-hover   has-hover box-text-bottom\" >\n\n\t\t<div class=\"box-image\" >\n\t\t\t\t\t\t<div class=\"image-cover\" style=\"padding-top:75%;\">\n\t\t\t\t<img loading=\"lazy\" decoding=\"async\" width=\"960\" height=\"978\" src=\"https:\/\/canbrapesca.com\/wp-content\/uploads\/2025\/02\/S756b811bf8ed48e1b84d724031b1a507t.avif\" class=\"attachment- size-\" alt=\"\" srcset=\"https:\/\/canbrapesca.com\/wp-content\/uploads\/2025\/02\/S756b811bf8ed48e1b84d724031b1a507t.avif 960w, https:\/\/canbrapesca.com\/wp-content\/uploads\/2025\/02\/S756b811bf8ed48e1b84d724031b1a507t-393x400.avif 393w, https:\/\/canbrapesca.com\/wp-content\/uploads\/2025\/02\/S756b811bf8ed48e1b84d724031b1a507t-785x800.avif 785w, https:\/\/canbrapesca.com\/wp-content\/uploads\/2025\/02\/S756b811bf8ed48e1b84d724031b1a507t-768x782.avif 768w, https:\/\/canbrapesca.com\/wp-content\/uploads\/2025\/02\/S756b811bf8ed48e1b84d724031b1a507t-600x611.avif 600w\" sizes=\"auto, (max-width: 960px) 100vw, 960px\" \/>\t\t\t\t\t\t\t\t\t\t\t<\/div>\n\t\t\t\t\t<\/div>\n\n\t\t<div class=\"box-text text-center\" style=\"background-color:rgb(39, 54, 70);padding:10% 10% 10% 10%;\">\n\t\t\t<div class=\"box-text-inner\">\n\t\t\t\t\n\t<div id=\"text-2574350346\" class=\"text\">\n\t\t\n<h4><strong>Material Premium:<\/strong><\/h4>\n\t\t\n<style>\n#text-2574350346 {\n  font-size: 1.25rem;\n}\n@media (min-width:850px) {\n  #text-2574350346 {\n    font-size: 1.5rem;\n  }\n}\n<\/style>\n\t<\/div>\n\t\n<p>Construida con fibra de carbono de alta resistencia que proporciona durabilidad<\/p>\n\t\t\t<\/div>\n\t\t<\/div>\n\t<\/div>\n\t\n\t\t<\/div>\n\t\t\t\t\t<\/div>\n\n\t\n\n\t<div id=\"col-1872405443\" class=\"col medium-4 small-12 large-4\"  >\n\t\t\t\t<div class=\"col-inner dark\"  >\n\t\t\t\n\t\t\t\n\t<div class=\"box has-hover   has-hover box-text-bottom\" >\n\n\t\t<div class=\"box-image\" >\n\t\t\t\t\t\t<div class=\"image-cover\" style=\"padding-top:75%;\">\n\t\t\t\t<img loading=\"lazy\" decoding=\"async\" width=\"960\" height=\"931\" src=\"https:\/\/canbrapesca.com\/wp-content\/uploads\/2025\/02\/Sf0adaef466d64f5e8f2fed597b842af2t.avif\" class=\"attachment- size-\" alt=\"\" srcset=\"https:\/\/canbrapesca.com\/wp-content\/uploads\/2025\/02\/Sf0adaef466d64f5e8f2fed597b842af2t.avif 960w, https:\/\/canbrapesca.com\/wp-content\/uploads\/2025\/02\/Sf0adaef466d64f5e8f2fed597b842af2t-412x400.avif 412w, https:\/\/canbrapesca.com\/wp-content\/uploads\/2025\/02\/Sf0adaef466d64f5e8f2fed597b842af2t-825x800.avif 825w, https:\/\/canbrapesca.com\/wp-content\/uploads\/2025\/02\/Sf0adaef466d64f5e8f2fed597b842af2t-768x745.avif 768w, https:\/\/canbrapesca.com\/wp-content\/uploads\/2025\/02\/Sf0adaef466d64f5e8f2fed597b842af2t-600x582.avif 600w\" sizes=\"auto, (max-width: 960px) 100vw, 960px\" \/>\t\t\t\t\t\t\t\t\t\t\t<\/div>\n\t\t\t\t\t<\/div>\n\n\t\t<div class=\"box-text text-center\" style=\"background-color:rgb(32, 48, 64);padding:10% 10% 10% 9%;\">\n\t\t\t<div class=\"box-text-inner\">\n\t\t\t\t\n\t<div id=\"text-196550384\" class=\"text\">\n\t\t\n<h4><strong>Dise\u00f1o Ergon\u00f3mico<\/strong><\/h4>\n\t\t\n<style>\n#text-196550384 {\n  font-size: 1.25rem;\n}\n@media (min-width:850px) {\n  #text-196550384 {\n    font-size: 1.5rem;\n  }\n}\n<\/style>\n\t<\/div>\n\t\n<p>Mango c\u00f3modo con recubrimiento antideslizante para un agarre firme y seguro.<\/p>\n\t\t\t<\/div>\n\t\t<\/div>\n\t<\/div>\n\t\n\t\t<\/div>\n\t\t\t\t\t<\/div>\n\n\t\n\n\t<div id=\"col-319587934\" class=\"col medium-4 small-12 large-4\"  >\n\t\t\t\t<div class=\"col-inner dark\"  >\n\t\t\t\n\t\t\t\n\t<div class=\"box has-hover   has-hover box-text-bottom\" >\n\n\t\t<div class=\"box-image\" >\n\t\t\t\t\t\t<div class=\"image-cover\" style=\"padding-top:75%;\">\n\t\t\t\t<img loading=\"lazy\" decoding=\"async\" width=\"960\" height=\"1175\" src=\"https:\/\/canbrapesca.com\/wp-content\/uploads\/2025\/02\/Sa3827a7acc6e4889aa182d8b7af67d68v.avif\" class=\"attachment- size-\" alt=\"\" srcset=\"https:\/\/canbrapesca.com\/wp-content\/uploads\/2025\/02\/Sa3827a7acc6e4889aa182d8b7af67d68v.avif 960w, https:\/\/canbrapesca.com\/wp-content\/uploads\/2025\/02\/Sa3827a7acc6e4889aa182d8b7af67d68v-327x400.avif 327w, https:\/\/canbrapesca.com\/wp-content\/uploads\/2025\/02\/Sa3827a7acc6e4889aa182d8b7af67d68v-654x800.avif 654w, https:\/\/canbrapesca.com\/wp-content\/uploads\/2025\/02\/Sa3827a7acc6e4889aa182d8b7af67d68v-768x940.avif 768w, https:\/\/canbrapesca.com\/wp-content\/uploads\/2025\/02\/Sa3827a7acc6e4889aa182d8b7af67d68v-600x734.avif 600w\" sizes=\"auto, (max-width: 960px) 100vw, 960px\" \/>\t\t\t\t\t\t\t\t\t\t\t<\/div>\n\t\t\t\t\t<\/div>\n\n\t\t<div class=\"box-text text-center\" style=\"background-color:rgb(32, 48, 64);padding:10% 10% 10% 9%;\">\n\t\t\t<div class=\"box-text-inner\">\n\t\t\t\t\n\t<div id=\"text-4208520484\" class=\"text\">\n\t\t\n<h4><strong>Gu\u00edas de Alta Calidad<\/strong><\/h4>\n\t\t\n<style>\n#text-4208520484 {\n  font-size: 1.25rem;\n}\n@media (min-width:850px) {\n  #text-4208520484 {\n    font-size: 1.5rem;\n  }\n}\n<\/style>\n\t<\/div>\n\t\n<p>Anillas de cer\u00e1mica reforzada para reducir la fricci\u00f3n y mejorar el lanzamiento.<\/p>\n\t\t\t<\/div>\n\t\t<\/div>\n\t<\/div>\n\t\n\t\t<\/div>\n\t\t\t\t\t<\/div>\n\n\t\n<\/div>\n\t<div id=\"text-2212529808\" class=\"text\">\n\t\t\n<h2><\/h2>\n<h2><strong>Ca\u00f1a de Pescar Rolfish Power<\/strong><\/h2>\n\t\t\n<style>\n#text-2212529808 {\n  text-align: center;\n}\n<\/style>\n\t<\/div>\n\t\n<div class=\"row\"  id=\"row-497278157\">\n\n\t<div id=\"col-728891293\" class=\"col medium-6 small-12 large-6\"  >\n\t\t\t\t<div class=\"col-inner\"  >\n\t\t\t\n\t\t\t\n<div class=\"video video-fit mb\" style=\"padding-top:0px;\"><div style=\"width: 640px;\" class=\"wp-video\"><video class=\"wp-video-shortcode\" id=\"video-679-1\" width=\"640\" height=\"360\" preload=\"metadata\" controls=\"controls\"><source type=\"video\/mp4\" src=\"https:\/\/canbrapesca.com\/wp-content\/uploads\/2025\/02\/FDownloader.Net_AQMeiiReRKlvu0JxtafT7YeQ2wYrPXQIyfcYqRId0-Jv9Phb-eieoOFj-dHJ_NptPZoWhkbOwjSX9yrEBoPJtKSa_720p_HD.mp4?_=1\" \/><a href=\"https:\/\/canbrapesca.com\/wp-content\/uploads\/2025\/02\/FDownloader.Net_AQMeiiReRKlvu0JxtafT7YeQ2wYrPXQIyfcYqRId0-Jv9Phb-eieoOFj-dHJ_NptPZoWhkbOwjSX9yrEBoPJtKSa_720p_HD.mp4\">https:\/\/canbrapesca.com\/wp-content\/uploads\/2025\/02\/FDownloader.Net_AQMeiiReRKlvu0JxtafT7YeQ2wYrPXQIyfcYqRId0-Jv9Phb-eieoOFj-dHJ_NptPZoWhkbOwjSX9yrEBoPJtKSa_720p_HD.mp4<\/a><\/video><\/div>\n<\/div>\n\t\t<\/div>\n\t\t\t\t\t<\/div>\n\n\t\n\n\t<div id=\"col-1592087187\" class=\"col medium-6 small-12 large-6\"  >\n\t\t\t\t<div class=\"col-inner\"  >\n\t\t\t\n\t\t\t\n<p>La <strong>Canbra Rolfish<\/strong> es una ca\u00f1a de pescar de alto rendimiento dise\u00f1ada para pescadores que buscan calidad, resistencia y sensibilidad en cada lance. Fabricada con materiales de primera y un dise\u00f1o ergon\u00f3mico, esta ca\u00f1a es ideal para pesca en agua dulce y salada, ofreciendo una experiencia superior tanto para aficionados como para profesionales.<\/p>\n<h3><strong>Caracter\u00edsticas Destacadas:<\/strong><\/h3>\n<p>\u2705 <strong>Material Premium:<\/strong> Construida con fibra de carbono de alta resistencia que proporciona durabilidad<\/p>\n<p>y flexibilidad.<br \/>\n\u2705 <strong>Dise\u00f1o Ergon\u00f3mico:<\/strong> Mango c\u00f3modo con recubrimiento antideslizante para un agarre firme y seguro en cualquier condici\u00f3n.<br \/>\n\u2705 <strong>Alta Sensibilidad:<\/strong> Perfecta para detectar hasta las picadas m\u00e1s sutiles.<br \/>\n\u2705 <strong>Gu\u00edas de Alta Calidad:<\/strong> Anillas de cer\u00e1mica reforzada para reducir la fricci\u00f3n y mejorar el lanzamiento.<br \/>\n\u2705 <strong>Versatilidad:<\/strong> Ideal para se\u00f1uelos artificiales<\/p>\n<h3><strong>Especificaciones T\u00e9cnicas:<\/strong><\/h3>\n<ul>\n<li><strong>Material:<\/strong> Fibra de carbono de alto m\u00f3dulo<\/li>\n<li><strong>Longitud:<\/strong> 1.80m<\/li>\n<li><strong>Acci\u00f3n:<\/strong> R\u00e1pida<\/li>\n<li><strong>Potencia:<\/strong> Media<\/li>\n<li><strong>Tramos:<\/strong> 2<\/li>\n<li><strong>Se\u00f1uelo:<\/strong> 6-30g<\/li>\n<li><strong>Mango:<\/strong> EVA ergon\u00f3mico y antideslizante<\/li>\n<li><strong>Anillas:<\/strong> Cer\u00e1mica reforzada, aptas para l\u00edneas trenzadas y monofilamento<\/li>\n<li><strong>Uso:<\/strong> Pesca en agua dulce y salada<\/li>\n<\/ul>\n\t\t<\/div>\n\t\t\t\t\t<\/div>\n\n\t\n<\/div>\n","protected":false},"excerpt":{"rendered":"<p>La <strong>ca\u00f1a Rolfish<\/strong> es una ca\u00f1a de pescar de alto rendimiento dise\u00f1ada para pescadores que buscan calidad, resistencia y sensibilidad en cada lance. Fabricada con materiales de primera y un dise\u00f1o ergon\u00f3mico, esta ca\u00f1a es ideal para pesca en agua dulce y salada, ofreciendo una experiencia superior tanto para aficionados como para profesionales.<\/p>\n","protected":false},"featured_media":680,"template":"","meta":[],"product_brand":[75],"product_cat":[71],"product_tag":[],"class_list":{"0":"post-679","1":"product","2":"type-product","3":"status-publish","4":"has-post-thumbnail","6":"product_brand-rollfish","7":"product_cat-canas","9":"first","10":"instock","11":"sale","12":"shipping-taxable","13":"purchasable","14":"product-type-simple"},"yoast_head":"<!-- This site is optimized with the Yoast SEO Premium plugin v24.4 (Yoast SEO v27.4) - https:\/\/yoast.com\/product\/yoast-seo-premium-wordpress\/ -->\n<title>FireBlack \u2013 Ca\u00f1a de Pescar Profesional Agua Dulce y Salada<\/title>\n<meta name=\"description\" content=\"RolFish Power, ca\u00f1a de pescar profesional, resistente y ergon\u00f3mica. Ideal para agua dulce y salada, ofrece alto rendimiento y precisi\u00f3n.\" \/>\n<meta name=\"robots\" content=\"index, follow, max-snippet:-1, max-image-preview:large, max-video-preview:-1\" \/>\n<link rel=\"canonical\" href=\"https:\/\/canbrapesca.com\/?product=canbra-fireblack\" \/>\n<meta property=\"og:locale\" content=\"es_ES\" \/>\n<meta property=\"og:type\" content=\"article\" \/>\n<meta property=\"og:title\" content=\"Ca\u00f1a de pescar FireBlack\" \/>\n<meta property=\"og:description\" content=\"RolFish Power, ca\u00f1a de pescar profesional, resistente y ergon\u00f3mica. Ideal para agua dulce y salada, ofrece alto rendimiento y precisi\u00f3n.\" \/>\n<meta property=\"og:url\" content=\"https:\/\/canbrapesca.com\/?product=canbra-fireblack\" \/>\n<meta property=\"og:site_name\" content=\"Canbra tienda de pesca\" \/>\n<meta property=\"article:modified_time\" content=\"2025-02-27T03:03:32+00:00\" \/>\n<meta property=\"og:image\" content=\"https:\/\/canbrapesca.com\/wp-content\/uploads\/2025\/02\/Captura-de-pantalla-2025-02-14-a-las-15.10.00.png\" \/>\n\t<meta property=\"og:image:width\" content=\"1218\" \/>\n\t<meta property=\"og:image:height\" content=\"1222\" \/>\n\t<meta property=\"og:image:type\" content=\"image\/png\" \/>\n<meta name=\"twitter:card\" content=\"summary_large_image\" \/>\n<meta name=\"twitter:label1\" content=\"Precio\" \/>\n\t<meta name=\"twitter:data1\" content=\"&#036;40.00\" \/>\n\t<meta name=\"twitter:label2\" content=\"Disponibilidad\" \/>\n\t<meta name=\"twitter:data2\" content=\"Disponible\" \/>\n<script type=\"application\/ld+json\" class=\"yoast-schema-graph\">{\"@context\":\"https:\\\/\\\/schema.org\",\"@graph\":[{\"@type\":\"WebPage\",\"@id\":\"https:\\\/\\\/canbrapesca.com\\\/?product=canbra-fireblack\",\"url\":\"https:\\\/\\\/canbrapesca.com\\\/?product=canbra-fireblack\",\"name\":\"FireBlack \u2013 Ca\u00f1a de Pescar Profesional Agua Dulce y Salada\",\"isPartOf\":{\"@id\":\"https:\\\/\\\/canbrapesca.com\\\/#website\"},\"primaryImageOfPage\":{\"@id\":\"https:\\\/\\\/canbrapesca.com\\\/?product=canbra-fireblack#primaryimage\"},\"image\":{\"@id\":\"https:\\\/\\\/canbrapesca.com\\\/?product=canbra-fireblack#primaryimage\"},\"thumbnailUrl\":\"https:\\\/\\\/canbrapesca.com\\\/wp-content\\\/uploads\\\/2025\\\/02\\\/H5505308af8664708a3c7b8e774468a3bb.jpg_720x720q50.avif\",\"datePublished\":\"2025-02-06T23:37:21+00:00\",\"dateModified\":\"2025-02-27T03:03:32+00:00\",\"description\":\"RolFish Power, ca\u00f1a de pescar profesional, resistente y ergon\u00f3mica. Ideal para agua dulce y salada, ofrece alto rendimiento y precisi\u00f3n.\",\"breadcrumb\":{\"@id\":\"https:\\\/\\\/canbrapesca.com\\\/?product=canbra-fireblack#breadcrumb\"},\"inLanguage\":\"es\",\"potentialAction\":[{\"@type\":\"ReadAction\",\"target\":[\"https:\\\/\\\/canbrapesca.com\\\/?product=canbra-fireblack\"]}]},{\"@type\":\"ImageObject\",\"inLanguage\":\"es\",\"@id\":\"https:\\\/\\\/canbrapesca.com\\\/?product=canbra-fireblack#primaryimage\",\"url\":\"https:\\\/\\\/canbrapesca.com\\\/wp-content\\\/uploads\\\/2025\\\/02\\\/H5505308af8664708a3c7b8e774468a3bb.jpg_720x720q50.avif\",\"contentUrl\":\"https:\\\/\\\/canbrapesca.com\\\/wp-content\\\/uploads\\\/2025\\\/02\\\/H5505308af8664708a3c7b8e774468a3bb.jpg_720x720q50.avif\",\"width\":720,\"height\":720,\"caption\":\"Ca\u00f1a de Pescar RolFish Power, profesional y resistente para pesca en agua dulce y salada.\"},{\"@type\":\"BreadcrumbList\",\"@id\":\"https:\\\/\\\/canbrapesca.com\\\/?product=canbra-fireblack#breadcrumb\",\"itemListElement\":[{\"@type\":\"ListItem\",\"position\":1,\"name\":\"Portada\",\"item\":\"https:\\\/\\\/canbrapesca.com\\\/\"},{\"@type\":\"ListItem\",\"position\":2,\"name\":\"Shop\",\"item\":\"https:\\\/\\\/canbrapesca.com\\\/?page_id=8\"},{\"@type\":\"ListItem\",\"position\":3,\"name\":\"Ca\u00f1a de pescar FireBlack\"}]},{\"@type\":\"WebSite\",\"@id\":\"https:\\\/\\\/canbrapesca.com\\\/#website\",\"url\":\"https:\\\/\\\/canbrapesca.com\\\/\",\"name\":\"Canbra Tienda de Pesca - Ca\u00f1as, Se\u00f1uelos y Equipos para Pesca Deportiva\",\"description\":\"Canbra Pesca - Equipos de pesca de alta calidad. Encuadorentra ca\u00f1as, carretes, se\u00f1uelos y m\u00e1s para la pesca deportiva. Env\u00edos a todo Ecuador.\",\"publisher\":{\"@id\":\"https:\\\/\\\/canbrapesca.com\\\/#organization\"},\"alternateName\":\"Todo en Art\u00edculos de Pesca - Equipos para Pescadores en Ecuador\",\"potentialAction\":[{\"@type\":\"SearchAction\",\"target\":{\"@type\":\"EntryPoint\",\"urlTemplate\":\"https:\\\/\\\/canbrapesca.com\\\/?s={search_term_string}\"},\"query-input\":{\"@type\":\"PropertyValueSpecification\",\"valueRequired\":true,\"valueName\":\"search_term_string\"}}],\"inLanguage\":\"es\"},{\"@type\":\"Organization\",\"@id\":\"https:\\\/\\\/canbrapesca.com\\\/#organization\",\"name\":\"Se\u00f1uelos canbra\",\"url\":\"https:\\\/\\\/canbrapesca.com\\\/\",\"logo\":{\"@type\":\"ImageObject\",\"inLanguage\":\"es\",\"@id\":\"https:\\\/\\\/canbrapesca.com\\\/#\\\/schema\\\/logo\\\/image\\\/\",\"url\":\"https:\\\/\\\/canbrapesca.com\\\/wp-content\\\/uploads\\\/2025\\\/02\\\/logo.png\",\"contentUrl\":\"https:\\\/\\\/canbrapesca.com\\\/wp-content\\\/uploads\\\/2025\\\/02\\\/logo.png\",\"width\":512,\"height\":201,\"caption\":\"Se\u00f1uelos canbra\"},\"image\":{\"@id\":\"https:\\\/\\\/canbrapesca.com\\\/#\\\/schema\\\/logo\\\/image\\\/\"}}]}<\/script>\n<meta property=\"product:price:amount\" content=\"40.00\" \/>\n<meta property=\"product:price:currency\" content=\"USD\" \/>\n<meta property=\"og:availability\" content=\"instock\" \/>\n<meta property=\"product:availability\" content=\"instock\" \/>\n<meta property=\"product:condition\" content=\"new\" \/>\n<!-- \/ Yoast SEO Premium plugin. -->","yoast_head_json":{"title":"FireBlack \u2013 Ca\u00f1a de Pescar Profesional Agua Dulce y Salada","description":"RolFish Power, ca\u00f1a de pescar profesional, resistente y ergon\u00f3mica. Ideal para agua dulce y salada, ofrece alto rendimiento y precisi\u00f3n.","robots":{"index":"index","follow":"follow","max-snippet":"max-snippet:-1","max-image-preview":"max-image-preview:large","max-video-preview":"max-video-preview:-1"},"canonical":"https:\/\/canbrapesca.com\/?product=canbra-fireblack","og_locale":"es_ES","og_type":"article","og_title":"Ca\u00f1a de pescar FireBlack","og_description":"RolFish Power, ca\u00f1a de pescar profesional, resistente y ergon\u00f3mica. Ideal para agua dulce y salada, ofrece alto rendimiento y precisi\u00f3n.","og_url":"https:\/\/canbrapesca.com\/?product=canbra-fireblack","og_site_name":"Canbra tienda de pesca","article_modified_time":"2025-02-27T03:03:32+00:00","og_image":[{"width":1218,"height":1222,"url":"https:\/\/canbrapesca.com\/wp-content\/uploads\/2025\/02\/Captura-de-pantalla-2025-02-14-a-las-15.10.00.png","type":"image\/png"}],"twitter_card":"summary_large_image","twitter_misc":{"Precio":"&#36;40.00","Disponibilidad":"Disponible"},"schema":{"@context":"https:\/\/schema.org","@graph":[{"@type":"WebPage","@id":"https:\/\/canbrapesca.com\/?product=canbra-fireblack","url":"https:\/\/canbrapesca.com\/?product=canbra-fireblack","name":"FireBlack \u2013 Ca\u00f1a de Pescar Profesional Agua Dulce y Salada","isPartOf":{"@id":"https:\/\/canbrapesca.com\/#website"},"primaryImageOfPage":{"@id":"https:\/\/canbrapesca.com\/?product=canbra-fireblack#primaryimage"},"image":{"@id":"https:\/\/canbrapesca.com\/?product=canbra-fireblack#primaryimage"},"thumbnailUrl":"https:\/\/canbrapesca.com\/wp-content\/uploads\/2025\/02\/H5505308af8664708a3c7b8e774468a3bb.jpg_720x720q50.avif","datePublished":"2025-02-06T23:37:21+00:00","dateModified":"2025-02-27T03:03:32+00:00","description":"RolFish Power, ca\u00f1a de pescar profesional, resistente y ergon\u00f3mica. Ideal para agua dulce y salada, ofrece alto rendimiento y precisi\u00f3n.","breadcrumb":{"@id":"https:\/\/canbrapesca.com\/?product=canbra-fireblack#breadcrumb"},"inLanguage":"es","potentialAction":[{"@type":"ReadAction","target":["https:\/\/canbrapesca.com\/?product=canbra-fireblack"]}]},{"@type":"ImageObject","inLanguage":"es","@id":"https:\/\/canbrapesca.com\/?product=canbra-fireblack#primaryimage","url":"https:\/\/canbrapesca.com\/wp-content\/uploads\/2025\/02\/H5505308af8664708a3c7b8e774468a3bb.jpg_720x720q50.avif","contentUrl":"https:\/\/canbrapesca.com\/wp-content\/uploads\/2025\/02\/H5505308af8664708a3c7b8e774468a3bb.jpg_720x720q50.avif","width":720,"height":720,"caption":"Ca\u00f1a de Pescar RolFish Power, profesional y resistente para pesca en agua dulce y salada."},{"@type":"BreadcrumbList","@id":"https:\/\/canbrapesca.com\/?product=canbra-fireblack#breadcrumb","itemListElement":[{"@type":"ListItem","position":1,"name":"Portada","item":"https:\/\/canbrapesca.com\/"},{"@type":"ListItem","position":2,"name":"Shop","item":"https:\/\/canbrapesca.com\/?page_id=8"},{"@type":"ListItem","position":3,"name":"Ca\u00f1a de pescar FireBlack"}]},{"@type":"WebSite","@id":"https:\/\/canbrapesca.com\/#website","url":"https:\/\/canbrapesca.com\/","name":"Canbra Tienda de Pesca - Ca\u00f1as, Se\u00f1uelos y Equipos para Pesca Deportiva","description":"Canbra Pesca - Equipos de pesca de alta calidad. Encuadorentra ca\u00f1as, carretes, se\u00f1uelos y m\u00e1s para la pesca deportiva. Env\u00edos a todo Ecuador.","publisher":{"@id":"https:\/\/canbrapesca.com\/#organization"},"alternateName":"Todo en Art\u00edculos de Pesca - Equipos para Pescadores en Ecuador","potentialAction":[{"@type":"SearchAction","target":{"@type":"EntryPoint","urlTemplate":"https:\/\/canbrapesca.com\/?s={search_term_string}"},"query-input":{"@type":"PropertyValueSpecification","valueRequired":true,"valueName":"search_term_string"}}],"inLanguage":"es"},{"@type":"Organization","@id":"https:\/\/canbrapesca.com\/#organization","name":"Se\u00f1uelos canbra","url":"https:\/\/canbrapesca.com\/","logo":{"@type":"ImageObject","inLanguage":"es","@id":"https:\/\/canbrapesca.com\/#\/schema\/logo\/image\/","url":"https:\/\/canbrapesca.com\/wp-content\/uploads\/2025\/02\/logo.png","contentUrl":"https:\/\/canbrapesca.com\/wp-content\/uploads\/2025\/02\/logo.png","width":512,"height":201,"caption":"Se\u00f1uelos canbra"},"image":{"@id":"https:\/\/canbrapesca.com\/#\/schema\/logo\/image\/"}}]},"product_price_amount":"40.00","product_price_currency":"USD","og_availability":"instock","product_availability":"instock","product_condition":"new"},"_links":{"self":[{"href":"https:\/\/canbrapesca.com\/index.php?rest_route=\/wp\/v2\/product\/679","targetHints":{"allow":["GET"]}}],"collection":[{"href":"https:\/\/canbrapesca.com\/index.php?rest_route=\/wp\/v2\/product"}],"about":[{"href":"https:\/\/canbrapesca.com\/index.php?rest_route=\/wp\/v2\/types\/product"}],"wp:featuredmedia":[{"embeddable":true,"href":"https:\/\/canbrapesca.com\/index.php?rest_route=\/wp\/v2\/media\/680"}],"wp:attachment":[{"href":"https:\/\/canbrapesca.com\/index.php?rest_route=%2Fwp%2Fv2%2Fmedia&parent=679"}],"wp:term":[{"taxonomy":"product_brand","embeddable":true,"href":"https:\/\/canbrapesca.com\/index.php?rest_route=%2Fwp%2Fv2%2Fproduct_brand&post=679"},{"taxonomy":"product_cat","embeddable":true,"href":"https:\/\/canbrapesca.com\/index.php?rest_route=%2Fwp%2Fv2%2Fproduct_cat&post=679"},{"taxonomy":"product_tag","embeddable":true,"href":"https:\/\/canbrapesca.com\/index.php?rest_route=%2Fwp%2Fv2%2Fproduct_tag&post=679"}],"curies":[{"name":"wp","href":"https:\/\/api.w.org\/{rel}","templated":true}]}}