{"id":700,"date":"2025-02-06T21:43:54","date_gmt":"2025-02-07T02:43:54","guid":{"rendered":"https:\/\/canbrapesca.com\/?post_type=product&#038;p=700"},"modified":"2025-02-11T19:15:23","modified_gmt":"2025-02-12T00:15:23","slug":"fishgang-s1","status":"publish","type":"product","link":"https:\/\/canbrapesca.com\/?product=fishgang-s1","title":{"rendered":"Ca\u00f1a de pescar Fishgang S1"},"content":{"rendered":"<div class=\"row row-collapse row-full-width align-equal\"  id=\"row-2116845905\">\n\n\t<div id=\"col-958583828\" class=\"col medium-4 small-12 large-4\"  >\n\t\t\t\t<div class=\"col-inner dark\"  >\n\t\t\t\n\t\t\t\n\t<div class=\"box has-hover   has-hover box-text-bottom\" >\n\n\t\t<div class=\"box-image\" >\n\t\t\t\t\t\t<div class=\"image-cover\" style=\"padding-top:75%;\">\n\t\t\t\t<img loading=\"lazy\" decoding=\"async\" width=\"790\" height=\"1015\" src=\"https:\/\/canbrapesca.com\/wp-content\/uploads\/2025\/02\/He2ecaae631ac4e87ac15941cb08f9b51lss.jpg\" class=\"attachment- size-\" alt=\"Ca\u00f1a de Pescar Fishgang S1 con mango de corcho, High Carbon y anillas Fuji, ideal para agua dulce.\" srcset=\"https:\/\/canbrapesca.com\/wp-content\/uploads\/2025\/02\/He2ecaae631ac4e87ac15941cb08f9b51lss.jpg 790w, https:\/\/canbrapesca.com\/wp-content\/uploads\/2025\/02\/He2ecaae631ac4e87ac15941cb08f9b51lss-311x400.jpg 311w, https:\/\/canbrapesca.com\/wp-content\/uploads\/2025\/02\/He2ecaae631ac4e87ac15941cb08f9b51lss-623x800.jpg 623w, https:\/\/canbrapesca.com\/wp-content\/uploads\/2025\/02\/He2ecaae631ac4e87ac15941cb08f9b51lss-768x987.jpg 768w, https:\/\/canbrapesca.com\/wp-content\/uploads\/2025\/02\/He2ecaae631ac4e87ac15941cb08f9b51lss-600x771.jpg 600w\" sizes=\"auto, (max-width: 790px) 100vw, 790px\" \/>\t\t\t\t\t\t\t\t\t\t\t<\/div>\n\t\t\t\t\t<\/div>\n\n\t\t<div class=\"box-text text-center\" style=\"background-color:rgb(39, 54, 70);padding:10% 10% 10% 10%;\">\n\t\t\t<div class=\"box-text-inner\">\n\t\t\t\t\n\t<div id=\"text-3969192929\" class=\"text\">\n\t\t\n<h4><strong>Dise\u00f1o Moderno y Liviano<\/strong><\/h4>\n\t\t\n<style>\n#text-3969192929 {\n  font-size: 1.25rem;\n}\n@media (min-width:850px) {\n  #text-3969192929 {\n    font-size: 1.5rem;\n  }\n}\n<\/style>\n\t<\/div>\n\t\n<p>Fibra de carbono, pensada para largas jornadas de pesca sin fatiga.<\/p>\n\t\t\t<\/div>\n\t\t<\/div>\n\t<\/div>\n\t\n\t\t<\/div>\n\t\t\t\t\t<\/div>\n\n\t\n\n\t<div id=\"col-1193125860\" class=\"col medium-4 small-12 large-4\"  >\n\t\t\t\t<div class=\"col-inner dark\"  >\n\t\t\t\n\t\t\t\n\t<div class=\"box has-hover   has-hover box-text-bottom\" >\n\n\t\t<div class=\"box-image\" >\n\t\t\t\t\t\t<div class=\"image-cover\" style=\"padding-top:75%;\">\n\t\t\t\t<img loading=\"lazy\" decoding=\"async\" width=\"790\" height=\"866\" src=\"https:\/\/canbrapesca.com\/wp-content\/uploads\/2025\/02\/s.png\" class=\"attachment- size-\" alt=\"\" srcset=\"https:\/\/canbrapesca.com\/wp-content\/uploads\/2025\/02\/s.png 790w, https:\/\/canbrapesca.com\/wp-content\/uploads\/2025\/02\/s-365x400.png 365w, https:\/\/canbrapesca.com\/wp-content\/uploads\/2025\/02\/s-730x800.png 730w, https:\/\/canbrapesca.com\/wp-content\/uploads\/2025\/02\/s-768x842.png 768w, https:\/\/canbrapesca.com\/wp-content\/uploads\/2025\/02\/s-600x658.png 600w\" sizes=\"auto, (max-width: 790px) 100vw, 790px\" \/>\t\t\t\t\t\t\t\t\t\t\t<\/div>\n\t\t\t\t\t<\/div>\n\n\t\t<div class=\"box-text text-center\" style=\"background-color:rgb(32, 48, 64);padding:10% 10% 10% 9%;\">\n\t\t\t<div class=\"box-text-inner\">\n\t\t\t\t\n\t<div id=\"text-2225684643\" class=\"text\">\n\t\t\n<h4><strong>Mango de Corcho Natural<\/strong><\/h4>\n\t\t\n<style>\n#text-2225684643 {\n  font-size: 1.25rem;\n}\n@media (min-width:850px) {\n  #text-2225684643 {\n    font-size: 1.5rem;\n  }\n}\n<\/style>\n\t<\/div>\n\t\n<p>Dise\u00f1o cl\u00e1sico, ergon\u00f3mico y antideslizante para un agarre perfecto.<\/p>\n\t\t\t<\/div>\n\t\t<\/div>\n\t<\/div>\n\t\n\t\t<\/div>\n\t\t\t\t\t<\/div>\n\n\t\n\n\t<div id=\"col-797089271\" class=\"col medium-4 small-12 large-4\"  >\n\t\t\t\t<div class=\"col-inner dark\"  >\n\t\t\t\n\t\t\t\n\t<div class=\"box has-hover   has-hover box-text-bottom\" >\n\n\t\t<div class=\"box-image\" >\n\t\t\t\t\t\t<div class=\"image-cover\" style=\"padding-top:75%;\">\n\t\t\t\t<img loading=\"lazy\" decoding=\"async\" width=\"790\" height=\"1015\" src=\"https:\/\/canbrapesca.com\/wp-content\/uploads\/2025\/02\/He2ecaae631ac4e87ac15941cb08f9b51l.jpg\" class=\"attachment- size-\" alt=\"\" srcset=\"https:\/\/canbrapesca.com\/wp-content\/uploads\/2025\/02\/He2ecaae631ac4e87ac15941cb08f9b51l.jpg 790w, https:\/\/canbrapesca.com\/wp-content\/uploads\/2025\/02\/He2ecaae631ac4e87ac15941cb08f9b51l-311x400.jpg 311w, https:\/\/canbrapesca.com\/wp-content\/uploads\/2025\/02\/He2ecaae631ac4e87ac15941cb08f9b51l-623x800.jpg 623w, https:\/\/canbrapesca.com\/wp-content\/uploads\/2025\/02\/He2ecaae631ac4e87ac15941cb08f9b51l-768x987.jpg 768w, https:\/\/canbrapesca.com\/wp-content\/uploads\/2025\/02\/He2ecaae631ac4e87ac15941cb08f9b51l-600x771.jpg 600w\" sizes=\"auto, (max-width: 790px) 100vw, 790px\" \/>\t\t\t\t\t\t\t\t\t\t\t<\/div>\n\t\t\t\t\t<\/div>\n\n\t\t<div class=\"box-text text-center\" style=\"background-color:rgb(32, 48, 64);padding:10% 10% 10% 9%;\">\n\t\t\t<div class=\"box-text-inner\">\n\t\t\t\t\n\t<div id=\"text-254817853\" class=\"text\">\n\t\t\n<h4><strong>Anillas de Acero Tipo Fuji<\/strong><\/h4>\n\t\t\n<style>\n#text-254817853 {\n  font-size: 1.25rem;\n}\n@media (min-width:850px) {\n  #text-254817853 {\n    font-size: 1.5rem;\n  }\n}\n<\/style>\n\t<\/div>\n\t\n<p><strong>Carburo de silicio o SIC<\/strong> disipar mejor el calor debido al roce. Son de muy alta calidad.<\/p>\n\t\t\t<\/div>\n\t\t<\/div>\n\t<\/div>\n\t\n\t\t<\/div>\n\t\t\t\t\t<\/div>\n\n\t\n<\/div>\n\t<div id=\"gap-1474657355\" class=\"gap-element clearfix\" style=\"display:block; height:auto;\">\n\t\t\n<style>\n#gap-1474657355 {\n  padding-top: 40px;\n}\n<\/style>\n\t<\/div>\n\t\n\t<div id=\"text-1293696965\" class=\"text\">\n\t\t\n<h2><strong>Elegancia y Rendimiento en tus Manos<\/strong><\/h2>\n\t\t\n<style>\n#text-1293696965 {\n  text-align: center;\n}\n<\/style>\n\t<\/div>\n\t\n<div class=\"row row-small\"  id=\"row-1089968408\">\n\n\t<div id=\"col-84117094\" class=\"col medium-6 small-12 large-6\"  >\n\t\t\t\t<div class=\"col-inner\"  >\n\t\t\t\n\t\t\t\n<div class=\"video video-fit mb\" style=\"padding-top:0%;\"><div style=\"width: 640px;\" class=\"wp-video\"><video class=\"wp-video-shortcode\" id=\"video-700-1\" width=\"640\" height=\"360\" preload=\"metadata\" controls=\"controls\"><source type=\"video\/mp4\" src=\"https:\/\/canbrapesca.com\/wp-content\/uploads\/2025\/02\/cana.mp4?_=1\" \/><a href=\"https:\/\/canbrapesca.com\/wp-content\/uploads\/2025\/02\/cana.mp4\">https:\/\/canbrapesca.com\/wp-content\/uploads\/2025\/02\/cana.mp4<\/a><\/video><\/div>\n<\/div>\n\t\t<\/div>\n\t\t\t\t\n<style>\n#col-84117094 > .col-inner {\n  padding: 0px 0px 0px 0px;\n  margin: 0px 0px 0px 0px;\n}\n<\/style>\n\t<\/div>\n\n\t\n\n\t<div id=\"col-1865546146\" class=\"col medium-6 small-12 large-6\"  >\n\t\t\t\t<div class=\"col-inner\"  >\n\t\t\t\n\t\t\t\n<p>La <strong>Fishgang S1<\/strong> es la fusi\u00f3n perfecta entre <strong>dise\u00f1o elegante y tecnolog\u00eda de alto rendimiento<\/strong>. Su estructura de <strong>High Carbon<\/strong>, junto con su pintura perlada de acabado premium, le da un toque moderno y sofisticado. Adem\u00e1s, su <strong>mango de corcho natural<\/strong> no solo aporta comodidad y ergonom\u00eda, sino que tambi\u00e9n refuerza su est\u00e9tica cl\u00e1sica y atemporal.<\/p>\n<p>Construida con <strong>anillas met\u00e1licas tipo Fuji<\/strong>, garantiza una mayor durabilidad y suavidad en el deslizamiento de la l\u00ednea, reduciendo la fricci\u00f3n y mejorando los lances. Su dise\u00f1o <strong>ligero y balanceado<\/strong> la convierte en la opci\u00f3n ideal para pescadores que buscan precisi\u00f3n, comodidad y estilo en cada jornada.<\/p>\n<h3><strong>Caracter\u00edsticas Destacadas:<\/strong><\/h3>\n<p>\u2705 <strong>Pintura Perlada Premium:<\/strong> Acabado elegante y sofisticado con reflejos perlados.<br \/>\n\u2705 <strong>Construcci\u00f3n en High Carbon:<\/strong> Mayor resistencia, ligereza y sensibilidad.<br \/>\n\u2705 <strong>Mango de Corcho Natural:<\/strong> Dise\u00f1o cl\u00e1sico, ergon\u00f3mico y antideslizante para un agarre perfecto.<br \/>\n\u2705 <strong>Anillas de Metal Tipo Fuji:<\/strong> Mayor durabilidad, reducci\u00f3n de fricci\u00f3n y mejor rendimiento con l\u00edneas trenzadas y monofilamento.<br \/>\n\u2705 <strong>Dise\u00f1o Moderno y Liviano:<\/strong> Pensado para largas jornadas de pesca sin fatiga.<br \/>\n\u2705 <strong>Especial para Agua Dulce:<\/strong> Perfecta para la pesca de <strong>truchas, sabaletas, lisas, cubos, robalos y bantes<\/strong>.<\/p>\n<h3><strong>Especificaciones T\u00e9cnicas:<\/strong><\/h3>\n<ul>\n<li><strong>Tipo:<\/strong> Spining<\/li>\n<li><strong>Material:<\/strong> High Carbon (carbono de alto m\u00f3dulo)<\/li>\n<li><strong>Longitud:<\/strong> 1.80m<\/li>\n<li><strong>Acci\u00f3n:<\/strong> R\u00e1pida<\/li>\n<li><strong>Potencia:<\/strong> Ligth<\/li>\n<li><strong>Tramos:<\/strong> 2<\/li>\n<li><strong>Se\u00f1uelo:<\/strong> 5-16g<\/li>\n<li><strong>Mango:<\/strong> Corcho natural ergon\u00f3mico y resistente<\/li>\n<li><strong>Anillas:<\/strong> Met\u00e1licas tipo Fuji, optimizadas para l\u00edneas trenzadas y monofilamento<\/li>\n<\/ul>\n\t\t<\/div>\n\t\t\t\t\t<\/div>\n\n\t\n\n<style>\n#row-1089968408 > .col > .col-inner {\n  padding: 0px 0px 0px 0px;\n}\n<\/style>\n<\/div>\n","protected":false},"excerpt":{"rendered":"<p>La <strong>Fishgang S1<\/strong> es la fusi\u00f3n perfecta entre <strong>dise\u00f1o elegante y tecnolog\u00eda de alto rendimiento<\/strong>. Su estructura de <strong>High Carbon<\/strong>, junto con su pintura perlada de acabado premium, le da un toque moderno y sofisticado. Adem\u00e1s, su <strong>mango de corcho natural<\/strong> no solo aporta comodidad y ergonom\u00eda, sino que tambi\u00e9n refuerza su est\u00e9tica cl\u00e1sica y atemporal<\/p>\n","protected":false},"featured_media":704,"template":"","meta":[],"product_brand":[],"product_cat":[71],"product_tag":[],"class_list":{"0":"post-700","1":"product","2":"type-product","3":"status-publish","4":"has-post-thumbnail","6":"product_cat-canas","8":"first","9":"instock","10":"sale","11":"shipping-taxable","12":"purchasable","13":"product-type-simple"},"yoast_head":"<!-- This site is optimized with the Yoast SEO Premium plugin v24.4 (Yoast SEO v27.4) - https:\/\/yoast.com\/product\/yoast-seo-premium-wordpress\/ -->\n<title>Ca\u00f1a de pescar Fishgang S1<\/title>\n<meta name=\"description\" content=\"Fishgang S1, una ca\u00f1a de pesca High Carbon con acabado perlado, mango de corcho y anillas tipo Fuji. Ligera, resistente y elegante, agua dulce y salada\" \/>\n<meta name=\"robots\" content=\"index, follow, max-snippet:-1, max-image-preview:large, max-video-preview:-1\" \/>\n<link rel=\"canonical\" href=\"https:\/\/canbrapesca.com\/?product=fishgang-s1\" \/>\n<meta property=\"og:locale\" content=\"es_ES\" \/>\n<meta property=\"og:type\" content=\"article\" \/>\n<meta property=\"og:title\" content=\"Ca\u00f1a de pescar Fishgang S1\" \/>\n<meta property=\"og:description\" content=\"Fishgang S1, una ca\u00f1a de pesca High Carbon con acabado perlado, mango de corcho y anillas tipo Fuji. Ligera, resistente y elegante, agua dulce y salada\" \/>\n<meta property=\"og:url\" content=\"https:\/\/canbrapesca.com\/?product=fishgang-s1\" \/>\n<meta property=\"og:site_name\" content=\"Canbra tienda de pesca\" \/>\n<meta property=\"article:modified_time\" content=\"2025-02-12T00:15:23+00:00\" \/>\n<meta property=\"og:image\" content=\"https:\/\/canbrapesca.com\/wp-content\/uploads\/2025\/02\/He2ecaae631ac4e87ac15941cb08f9b51lss.jpg\" \/>\n\t<meta property=\"og:image:width\" content=\"790\" \/>\n\t<meta property=\"og:image:height\" content=\"1015\" \/>\n\t<meta property=\"og:image:type\" content=\"image\/jpeg\" \/>\n<meta name=\"twitter:card\" content=\"summary_large_image\" \/>\n<meta name=\"twitter:label1\" content=\"Precio\" \/>\n\t<meta name=\"twitter:data1\" content=\"&#036;60.00\" \/>\n\t<meta name=\"twitter:label2\" content=\"Disponibilidad\" \/>\n\t<meta name=\"twitter:data2\" content=\"Disponible\" \/>\n<script type=\"application\/ld+json\" class=\"yoast-schema-graph\">{\"@context\":\"https:\\\/\\\/schema.org\",\"@graph\":[{\"@type\":\"WebPage\",\"@id\":\"https:\\\/\\\/canbrapesca.com\\\/?product=fishgang-s1\",\"url\":\"https:\\\/\\\/canbrapesca.com\\\/?product=fishgang-s1\",\"name\":\"Ca\u00f1a de pescar Fishgang S1\",\"isPartOf\":{\"@id\":\"https:\\\/\\\/canbrapesca.com\\\/#website\"},\"primaryImageOfPage\":{\"@id\":\"https:\\\/\\\/canbrapesca.com\\\/?product=fishgang-s1#primaryimage\"},\"image\":{\"@id\":\"https:\\\/\\\/canbrapesca.com\\\/?product=fishgang-s1#primaryimage\"},\"thumbnailUrl\":\"https:\\\/\\\/canbrapesca.com\\\/wp-content\\\/uploads\\\/2025\\\/02\\\/He2ecaae631ac4e87ac15941cb08f9b51lss.jpg\",\"datePublished\":\"2025-02-07T02:43:54+00:00\",\"dateModified\":\"2025-02-12T00:15:23+00:00\",\"description\":\"Fishgang S1, una ca\u00f1a de pesca High Carbon con acabado perlado, mango de corcho y anillas tipo Fuji. Ligera, resistente y elegante, agua dulce y salada\",\"breadcrumb\":{\"@id\":\"https:\\\/\\\/canbrapesca.com\\\/?product=fishgang-s1#breadcrumb\"},\"inLanguage\":\"es\",\"potentialAction\":[{\"@type\":\"ReadAction\",\"target\":[\"https:\\\/\\\/canbrapesca.com\\\/?product=fishgang-s1\"]}]},{\"@type\":\"ImageObject\",\"inLanguage\":\"es\",\"@id\":\"https:\\\/\\\/canbrapesca.com\\\/?product=fishgang-s1#primaryimage\",\"url\":\"https:\\\/\\\/canbrapesca.com\\\/wp-content\\\/uploads\\\/2025\\\/02\\\/He2ecaae631ac4e87ac15941cb08f9b51lss.jpg\",\"contentUrl\":\"https:\\\/\\\/canbrapesca.com\\\/wp-content\\\/uploads\\\/2025\\\/02\\\/He2ecaae631ac4e87ac15941cb08f9b51lss.jpg\",\"width\":790,\"height\":1015,\"caption\":\"Ca\u00f1a de Pescar Fishgang S1 con mango de corcho, High Carbon y anillas Fuji, ideal para agua dulce.\"},{\"@type\":\"BreadcrumbList\",\"@id\":\"https:\\\/\\\/canbrapesca.com\\\/?product=fishgang-s1#breadcrumb\",\"itemListElement\":[{\"@type\":\"ListItem\",\"position\":1,\"name\":\"Portada\",\"item\":\"https:\\\/\\\/canbrapesca.com\\\/\"},{\"@type\":\"ListItem\",\"position\":2,\"name\":\"Shop\",\"item\":\"https:\\\/\\\/canbrapesca.com\\\/?page_id=8\"},{\"@type\":\"ListItem\",\"position\":3,\"name\":\"Ca\u00f1a de pescar Fishgang S1\"}]},{\"@type\":\"WebSite\",\"@id\":\"https:\\\/\\\/canbrapesca.com\\\/#website\",\"url\":\"https:\\\/\\\/canbrapesca.com\\\/\",\"name\":\"Canbra Tienda de Pesca - Ca\u00f1as, Se\u00f1uelos y Equipos para Pesca Deportiva\",\"description\":\"Canbra Pesca - Equipos de pesca de alta calidad. Encuadorentra ca\u00f1as, carretes, se\u00f1uelos y m\u00e1s para la pesca deportiva. Env\u00edos a todo Ecuador.\",\"publisher\":{\"@id\":\"https:\\\/\\\/canbrapesca.com\\\/#organization\"},\"alternateName\":\"Todo en Art\u00edculos de Pesca - Equipos para Pescadores en Ecuador\",\"potentialAction\":[{\"@type\":\"SearchAction\",\"target\":{\"@type\":\"EntryPoint\",\"urlTemplate\":\"https:\\\/\\\/canbrapesca.com\\\/?s={search_term_string}\"},\"query-input\":{\"@type\":\"PropertyValueSpecification\",\"valueRequired\":true,\"valueName\":\"search_term_string\"}}],\"inLanguage\":\"es\"},{\"@type\":\"Organization\",\"@id\":\"https:\\\/\\\/canbrapesca.com\\\/#organization\",\"name\":\"Se\u00f1uelos canbra\",\"url\":\"https:\\\/\\\/canbrapesca.com\\\/\",\"logo\":{\"@type\":\"ImageObject\",\"inLanguage\":\"es\",\"@id\":\"https:\\\/\\\/canbrapesca.com\\\/#\\\/schema\\\/logo\\\/image\\\/\",\"url\":\"https:\\\/\\\/canbrapesca.com\\\/wp-content\\\/uploads\\\/2025\\\/02\\\/logo.png\",\"contentUrl\":\"https:\\\/\\\/canbrapesca.com\\\/wp-content\\\/uploads\\\/2025\\\/02\\\/logo.png\",\"width\":512,\"height\":201,\"caption\":\"Se\u00f1uelos canbra\"},\"image\":{\"@id\":\"https:\\\/\\\/canbrapesca.com\\\/#\\\/schema\\\/logo\\\/image\\\/\"}}]}<\/script>\n<meta property=\"product:price:amount\" content=\"60.00\" \/>\n<meta property=\"product:price:currency\" content=\"USD\" \/>\n<meta property=\"og:availability\" content=\"instock\" \/>\n<meta property=\"product:availability\" content=\"instock\" \/>\n<meta property=\"product:condition\" content=\"new\" \/>\n<!-- \/ Yoast SEO Premium plugin. -->","yoast_head_json":{"title":"Ca\u00f1a de pescar Fishgang S1","description":"Fishgang S1, una ca\u00f1a de pesca High Carbon con acabado perlado, mango de corcho y anillas tipo Fuji. Ligera, resistente y elegante, agua dulce y salada","robots":{"index":"index","follow":"follow","max-snippet":"max-snippet:-1","max-image-preview":"max-image-preview:large","max-video-preview":"max-video-preview:-1"},"canonical":"https:\/\/canbrapesca.com\/?product=fishgang-s1","og_locale":"es_ES","og_type":"article","og_title":"Ca\u00f1a de pescar Fishgang S1","og_description":"Fishgang S1, una ca\u00f1a de pesca High Carbon con acabado perlado, mango de corcho y anillas tipo Fuji. Ligera, resistente y elegante, agua dulce y salada","og_url":"https:\/\/canbrapesca.com\/?product=fishgang-s1","og_site_name":"Canbra tienda de pesca","article_modified_time":"2025-02-12T00:15:23+00:00","og_image":[{"width":790,"height":1015,"url":"https:\/\/canbrapesca.com\/wp-content\/uploads\/2025\/02\/He2ecaae631ac4e87ac15941cb08f9b51lss.jpg","type":"image\/jpeg"}],"twitter_card":"summary_large_image","twitter_misc":{"Precio":"&#36;60.00","Disponibilidad":"Disponible"},"schema":{"@context":"https:\/\/schema.org","@graph":[{"@type":"WebPage","@id":"https:\/\/canbrapesca.com\/?product=fishgang-s1","url":"https:\/\/canbrapesca.com\/?product=fishgang-s1","name":"Ca\u00f1a de pescar Fishgang S1","isPartOf":{"@id":"https:\/\/canbrapesca.com\/#website"},"primaryImageOfPage":{"@id":"https:\/\/canbrapesca.com\/?product=fishgang-s1#primaryimage"},"image":{"@id":"https:\/\/canbrapesca.com\/?product=fishgang-s1#primaryimage"},"thumbnailUrl":"https:\/\/canbrapesca.com\/wp-content\/uploads\/2025\/02\/He2ecaae631ac4e87ac15941cb08f9b51lss.jpg","datePublished":"2025-02-07T02:43:54+00:00","dateModified":"2025-02-12T00:15:23+00:00","description":"Fishgang S1, una ca\u00f1a de pesca High Carbon con acabado perlado, mango de corcho y anillas tipo Fuji. Ligera, resistente y elegante, agua dulce y salada","breadcrumb":{"@id":"https:\/\/canbrapesca.com\/?product=fishgang-s1#breadcrumb"},"inLanguage":"es","potentialAction":[{"@type":"ReadAction","target":["https:\/\/canbrapesca.com\/?product=fishgang-s1"]}]},{"@type":"ImageObject","inLanguage":"es","@id":"https:\/\/canbrapesca.com\/?product=fishgang-s1#primaryimage","url":"https:\/\/canbrapesca.com\/wp-content\/uploads\/2025\/02\/He2ecaae631ac4e87ac15941cb08f9b51lss.jpg","contentUrl":"https:\/\/canbrapesca.com\/wp-content\/uploads\/2025\/02\/He2ecaae631ac4e87ac15941cb08f9b51lss.jpg","width":790,"height":1015,"caption":"Ca\u00f1a de Pescar Fishgang S1 con mango de corcho, High Carbon y anillas Fuji, ideal para agua dulce."},{"@type":"BreadcrumbList","@id":"https:\/\/canbrapesca.com\/?product=fishgang-s1#breadcrumb","itemListElement":[{"@type":"ListItem","position":1,"name":"Portada","item":"https:\/\/canbrapesca.com\/"},{"@type":"ListItem","position":2,"name":"Shop","item":"https:\/\/canbrapesca.com\/?page_id=8"},{"@type":"ListItem","position":3,"name":"Ca\u00f1a de pescar Fishgang S1"}]},{"@type":"WebSite","@id":"https:\/\/canbrapesca.com\/#website","url":"https:\/\/canbrapesca.com\/","name":"Canbra Tienda de Pesca - Ca\u00f1as, Se\u00f1uelos y Equipos para Pesca Deportiva","description":"Canbra Pesca - Equipos de pesca de alta calidad. Encuadorentra ca\u00f1as, carretes, se\u00f1uelos y m\u00e1s para la pesca deportiva. Env\u00edos a todo Ecuador.","publisher":{"@id":"https:\/\/canbrapesca.com\/#organization"},"alternateName":"Todo en Art\u00edculos de Pesca - Equipos para Pescadores en Ecuador","potentialAction":[{"@type":"SearchAction","target":{"@type":"EntryPoint","urlTemplate":"https:\/\/canbrapesca.com\/?s={search_term_string}"},"query-input":{"@type":"PropertyValueSpecification","valueRequired":true,"valueName":"search_term_string"}}],"inLanguage":"es"},{"@type":"Organization","@id":"https:\/\/canbrapesca.com\/#organization","name":"Se\u00f1uelos canbra","url":"https:\/\/canbrapesca.com\/","logo":{"@type":"ImageObject","inLanguage":"es","@id":"https:\/\/canbrapesca.com\/#\/schema\/logo\/image\/","url":"https:\/\/canbrapesca.com\/wp-content\/uploads\/2025\/02\/logo.png","contentUrl":"https:\/\/canbrapesca.com\/wp-content\/uploads\/2025\/02\/logo.png","width":512,"height":201,"caption":"Se\u00f1uelos canbra"},"image":{"@id":"https:\/\/canbrapesca.com\/#\/schema\/logo\/image\/"}}]},"product_price_amount":"60.00","product_price_currency":"USD","og_availability":"instock","product_availability":"instock","product_condition":"new"},"_links":{"self":[{"href":"https:\/\/canbrapesca.com\/index.php?rest_route=\/wp\/v2\/product\/700","targetHints":{"allow":["GET"]}}],"collection":[{"href":"https:\/\/canbrapesca.com\/index.php?rest_route=\/wp\/v2\/product"}],"about":[{"href":"https:\/\/canbrapesca.com\/index.php?rest_route=\/wp\/v2\/types\/product"}],"wp:featuredmedia":[{"embeddable":true,"href":"https:\/\/canbrapesca.com\/index.php?rest_route=\/wp\/v2\/media\/704"}],"wp:attachment":[{"href":"https:\/\/canbrapesca.com\/index.php?rest_route=%2Fwp%2Fv2%2Fmedia&parent=700"}],"wp:term":[{"taxonomy":"product_brand","embeddable":true,"href":"https:\/\/canbrapesca.com\/index.php?rest_route=%2Fwp%2Fv2%2Fproduct_brand&post=700"},{"taxonomy":"product_cat","embeddable":true,"href":"https:\/\/canbrapesca.com\/index.php?rest_route=%2Fwp%2Fv2%2Fproduct_cat&post=700"},{"taxonomy":"product_tag","embeddable":true,"href":"https:\/\/canbrapesca.com\/index.php?rest_route=%2Fwp%2Fv2%2Fproduct_tag&post=700"}],"curies":[{"name":"wp","href":"https:\/\/api.w.org\/{rel}","templated":true}]}}